{"id":2039,"date":"2025-11-02T12:02:06","date_gmt":"2025-11-02T15:02:06","guid":{"rendered":"https:\/\/app.huazapp.com\/mens\/?post_type=product&#038;p=2039"},"modified":"2025-11-05T12:06:28","modified_gmt":"2025-11-05T15:06:28","slug":"perfume-jean-paul-gaultier-ultra-male-eau-de-toilette-masculino-125ml","status":"publish","type":"product","link":"https:\/\/app.huazapp.com\/mens\/produto\/perfume-jean-paul-gaultier-ultra-male-eau-de-toilette-masculino-125ml\/","title":{"rendered":"Perfume Jean Paul Gaultier Ultra Male Eau de Toilette Masculino 125ML"},"content":{"rendered":"<p>Ultra Male Eau de Toilette de Jean Paul Gaultier transmitem a imagem dos marinheiros com suas tatuagens, e um sedutor que tem um amante em cada porto.<\/p>\n<p>Ultra Male Eau de Toilette um verdadeiro destruidor de cora\u00e7\u00f5es, este c\u00e3o do mar solit\u00e1rio lan\u00e7a sua \u00e2ncora apenas uma noite, e chega \u00e0 cidade pronto para seduzir, com sua apar\u00eancia Male(macho) dominante, demostrando seu lado m\u00e1sculo, aventureiro e com charme implac\u00e1vel, pois adorar\u00edamos revela-los como nosso! Pois esse arom\u00e1tico saboroso, possui sua combina\u00e7\u00e3o irresist\u00edvel do ultra poder da lavanda , com a ultra sensualidade de madeira \u00e2mbar e Baunilha.<\/p>\n<p>Assinado por Francis Kurkdjian, a fragr\u00e2ncia foug\u00e8re frutal resultante da combina\u00e7\u00e3o \u00e9 perfeita para eventos noturnos, quer sejam eles festas e baladas ou encontros rom\u00e2nticos. O frasco de torso cl\u00e1ssico da marca retorna para o Ultra Male, mas desta vez com um design listrado que remete ao mar e seus desafios.<\/p>\n<p>O Frasco Ic\u00f4nico:<br \/>\n&#8211; Ultra Male Eau de Toilette com uma camiseta do marinheiro azul marinho com linhas pretas. A Lata com um acabamento preto fosco com reflexos azulados com o s\u00edmbolo de Ultra Male em vermelho.<\/p>\n<h4>ESPECIFICA\u00c7\u00d5ES<\/h4>\n<div class=\"table-counter\">\n<table class=\"table table-details table-hover table-striped cke_show_border\">\n<tbody>\n<tr>\n<td>Marca<\/td>\n<td>Jean Paul Gaultier<\/td>\n<\/tr>\n<tr>\n<td>G\u00eanero<\/td>\n<td>Masculino<\/td>\n<\/tr>\n<tr>\n<td>Classifica\u00e7\u00e3o<\/td>\n<td>Eau de Toilette &#8211; EDT<\/td>\n<\/tr>\n<tr>\n<td>Volume<\/td>\n<td>125ML<\/td>\n<\/tr>\n<tr>\n<td>Fam\u00edlia Olfativa<\/td>\n<td>Oriental Foug\u00e8re<\/td>\n<\/tr>\n<tr>\n<td>Notas de Topo<\/td>\n<td>Bergamota, Pera, Hortel\u00e3, Lavanda e Lim\u00e3o verdadeiro ou siciliano<\/td>\n<\/tr>\n<tr>\n<td>Notas de Cora\u00e7\u00e3o<\/td>\n<td>Canela, S\u00e1lvia Esclar\u00e9ia e Alcar\u00e1via<\/td>\n<\/tr>\n<tr>\n<td>Notas de Fundo<\/td>\n<td>Casca de baunilha negra, \u00c2mbar, Cedro e Patchouli ou Oriza<\/td>\n<\/tr>\n<\/tbody>\n<\/table>\n<\/div>\n","protected":false},"excerpt":{"rendered":"<p>Ultra Male Eau de Toilette de Jean Paul Gaultier transmitem a imagem dos marinheiros com suas tatuagens, e um sedutor que tem um amante em cada porto. Ultra Male Eau de Toilette um verdadeiro destruidor de cora\u00e7\u00f5es, este c\u00e3o do mar solit\u00e1rio lan\u00e7a sua \u00e2ncora apenas uma noite, e chega \u00e0 cidade pronto para seduzir, com sua apar\u00eancia Male(macho) dominante, demostrando seu lado m\u00e1sculo, aventureiro e com charme implac\u00e1vel, pois adorar\u00edamos revela-los como nosso! Pois esse arom\u00e1tico saboroso, possui sua combina\u00e7\u00e3o irresist\u00edvel do ultra poder da lavanda , com a ultra sensualidade de madeira \u00e2mbar e Baunilha. Assinado por Francis Kurkdjian, a fragr\u00e2ncia foug\u00e8re frutal resultante da combina\u00e7\u00e3o \u00e9 perfeita para eventos noturnos, quer sejam eles festas e baladas ou encontros rom\u00e2nticos. O frasco de torso cl\u00e1ssico da marca retorna para o Ultra Male, mas desta vez com um design listrado que remete ao mar e seus desafios. O Frasco Ic\u00f4nico: &#8211; Ultra Male Eau de Toilette com uma camiseta do marinheiro azul marinho com linhas pretas. A Lata com um acabamento preto fosco com reflexos azulados com o s\u00edmbolo de Ultra Male em vermelho. ESPECIFICA\u00c7\u00d5ES Marca Jean Paul Gaultier G\u00eanero Masculino Classifica\u00e7\u00e3o Eau de Toilette &#8211; EDT Volume 125ML Fam\u00edlia Olfativa Oriental Foug\u00e8re Notas de Topo Bergamota, Pera, Hortel\u00e3, Lavanda e Lim\u00e3o verdadeiro ou siciliano Notas de Cora\u00e7\u00e3o Canela, S\u00e1lvia Esclar\u00e9ia e Alcar\u00e1via Notas de Fundo Casca de baunilha negra, \u00c2mbar, Cedro e Patchouli ou Oriza<\/p>\n","protected":false},"featured_media":3015,"comment_status":"open","ping_status":"closed","template":"","meta":{"_acf_changed":false},"product_brand":[],"product_cat":[51,62],"product_tag":[],"class_list":{"0":"post-2039","1":"product","2":"type-product","3":"status-publish","4":"has-post-thumbnail","6":"product_cat-mais-vendidos","7":"product_cat-perfumes","9":"first","10":"instock","11":"shipping-taxable","12":"purchasable","13":"product-type-simple"},"acf":[],"_links":{"self":[{"href":"https:\/\/app.huazapp.com\/mens\/wp-json\/wp\/v2\/product\/2039","targetHints":{"allow":["GET"]}}],"collection":[{"href":"https:\/\/app.huazapp.com\/mens\/wp-json\/wp\/v2\/product"}],"about":[{"href":"https:\/\/app.huazapp.com\/mens\/wp-json\/wp\/v2\/types\/product"}],"replies":[{"embeddable":true,"href":"https:\/\/app.huazapp.com\/mens\/wp-json\/wp\/v2\/comments?post=2039"}],"wp:featuredmedia":[{"embeddable":true,"href":"https:\/\/app.huazapp.com\/mens\/wp-json\/wp\/v2\/media\/3015"}],"wp:attachment":[{"href":"https:\/\/app.huazapp.com\/mens\/wp-json\/wp\/v2\/media?parent=2039"}],"wp:term":[{"taxonomy":"product_brand","embeddable":true,"href":"https:\/\/app.huazapp.com\/mens\/wp-json\/wp\/v2\/product_brand?post=2039"},{"taxonomy":"product_cat","embeddable":true,"href":"https:\/\/app.huazapp.com\/mens\/wp-json\/wp\/v2\/product_cat?post=2039"},{"taxonomy":"product_tag","embeddable":true,"href":"https:\/\/app.huazapp.com\/mens\/wp-json\/wp\/v2\/product_tag?post=2039"}],"curies":[{"name":"wp","href":"https:\/\/api.w.org\/{rel}","templated":true}]}}