{"id":2055,"date":"2025-11-02T13:03:24","date_gmt":"2025-11-02T16:03:24","guid":{"rendered":"https:\/\/app.huazapp.com\/mens\/?post_type=product&#038;p=2055"},"modified":"2025-11-04T21:57:04","modified_gmt":"2025-11-05T00:57:04","slug":"ray-ban-justin-polarizado","status":"publish","type":"product","link":"https:\/\/app.huazapp.com\/mens\/produto\/ray-ban-justin-polarizado\/","title":{"rendered":"Ray-Ban Justin Polarizado"},"content":{"rendered":"<article class=\"text-token-text-primary w-full focus:outline-none [--shadow-height:45px] has-data-writing-block:pointer-events-none has-data-writing-block:-mt-(--shadow-height) has-data-writing-block:pt-(--shadow-height) [&amp;:has([data-writing-block])&gt;*]:pointer-events-auto [content-visibility:auto] supports-[content-visibility:auto]:[contain-intrinsic-size:auto_100lvh] scroll-mt-[calc(var(--header-height)+min(200px,max(70px,20svh)))]\" dir=\"auto\" tabindex=\"-1\" data-turn-id=\"request-68ffc836-7dbc-832c-82f9-2b235b240e54-2\" data-testid=\"conversation-turn-200\" data-scroll-anchor=\"true\" data-turn=\"assistant\">\n<div class=\"text-base my-auto mx-auto pb-10 [--thread-content-margin:--spacing(4)] thread-sm:[--thread-content-margin:--spacing(6)] thread-lg:[--thread-content-margin:--spacing(16)] px-(--thread-content-margin)\">\n<div class=\"[--thread-content-max-width:40rem] thread-lg:[--thread-content-max-width:48rem] mx-auto max-w-(--thread-content-max-width) flex-1 group\/turn-messages focus-visible:outline-hidden relative flex w-full min-w-0 flex-col agent-turn\" tabindex=\"-1\">\n<div class=\"flex max-w-full flex-col grow\">\n<div class=\"min-h-8 text-message relative flex w-full flex-col items-end gap-2 text-start break-words whitespace-normal [.text-message+&amp;]:mt-1\" dir=\"auto\" data-message-author-role=\"assistant\" data-message-id=\"cb64ca1a-7f07-440e-8b5b-282ea81c6fca\" data-message-model-slug=\"gpt-5\">\n<div class=\"flex w-full flex-col gap-1 empty:hidden first:pt-[1px]\">\n<div class=\"markdown prose dark:prose-invert w-full break-words dark markdown-new-styling\">\n<p data-start=\"0\" data-end=\"294\">O <strong data-start=\"2\" data-end=\"31\">Ray-Ban Justin Polarizado<\/strong> \u00e9 a escolha perfeita para quem busca estilo, conforto e prote\u00e7\u00e3o em um \u00fanico acess\u00f3rio. Inspirado no ic\u00f4nico modelo Wayfarer, o Justin apresenta um design moderno com linhas mais marcantes e acabamento emborrachado, oferecendo um visual ousado e contempor\u00e2neo.<\/p>\n<p data-start=\"296\" data-end=\"578\">As lentes polarizadas reduzem o reflexo e melhoram a nitidez, garantindo uma vis\u00e3o mais clara e confort\u00e1vel, mesmo sob forte luminosidade. Ideal para o dia a dia, viagens ou momentos de lazer ao ar livre, o Justin combina perfeitamente com qualquer look, do casual ao sofisticado.<\/p>\n<p data-start=\"580\" data-end=\"606\"><strong data-start=\"580\" data-end=\"604\">Detalhes do produto:<\/strong><\/p>\n<ul data-start=\"607\" data-end=\"852\">\n<li data-start=\"607\" data-end=\"644\">\n<p data-start=\"609\" data-end=\"644\">Modelo: Ray-Ban Justin Polarizado<\/p>\n<\/li>\n<li data-start=\"645\" data-end=\"700\">\n<p data-start=\"647\" data-end=\"700\">Lentes com tecnologia polarizada e prote\u00e7\u00e3o 100% UV<\/p>\n<\/li>\n<li data-start=\"701\" data-end=\"742\">\n<p data-start=\"703\" data-end=\"742\">Arma\u00e7\u00e3o em material leve e resistente<\/p>\n<\/li>\n<li data-start=\"743\" data-end=\"776\">\n<p data-start=\"745\" data-end=\"776\">Acabamento emborrachado fosco<\/p>\n<\/li>\n<li data-start=\"777\" data-end=\"814\">\n<p data-start=\"779\" data-end=\"814\">Design cl\u00e1ssico com toque moderno<\/p>\n<\/li>\n<li data-start=\"815\" data-end=\"852\">\n<p data-start=\"817\" data-end=\"852\">Acompanha estojo original Ray-Ban<\/p>\n<\/li>\n<\/ul>\n<p data-start=\"854\" data-end=\"978\" data-is-last-node=\"\" data-is-only-node=\"\"><strong data-start=\"854\" data-end=\"867\">Destaque:<\/strong> um \u00edcone de estilo e funcionalidade \u2014 o \u00f3culos ideal para quem quer se destacar com eleg\u00e2ncia e autenticidade.<\/p>\n<\/div>\n<\/div>\n<\/div>\n<\/div>\n<div class=\"z-0 flex min-h-[46px] justify-start\"><\/div>\n<div class=\"mt-3 w-full empty:hidden\">\n<div class=\"text-center\"><\/div>\n<\/div>\n<\/div>\n<\/div>\n<\/article>\n<div class=\"pointer-events-none h-px w-px\" aria-hidden=\"true\" data-edge=\"true\"><\/div>\n","protected":false},"excerpt":{"rendered":"<p>O Ray-Ban Justin Polarizado \u00e9 a escolha perfeita para quem busca estilo, conforto e prote\u00e7\u00e3o em um \u00fanico acess\u00f3rio. Inspirado no ic\u00f4nico modelo Wayfarer, o Justin apresenta um design moderno com linhas mais marcantes e acabamento emborrachado, oferecendo um visual ousado e contempor\u00e2neo. As lentes polarizadas reduzem o reflexo e melhoram a nitidez, garantindo uma vis\u00e3o mais clara e confort\u00e1vel, mesmo sob forte luminosidade. Ideal para o dia a dia, viagens ou momentos de lazer ao ar livre, o Justin combina perfeitamente com qualquer look, do casual ao sofisticado. Detalhes do produto: Modelo: Ray-Ban Justin Polarizado Lentes com tecnologia polarizada e prote\u00e7\u00e3o 100% UV Arma\u00e7\u00e3o em material leve e resistente Acabamento emborrachado fosco Design cl\u00e1ssico com toque moderno Acompanha estojo original Ray-Ban Destaque: um \u00edcone de estilo e funcionalidade \u2014 o \u00f3culos ideal para quem quer se destacar com eleg\u00e2ncia e autenticidade.<\/p>\n","protected":false},"featured_media":2056,"comment_status":"open","ping_status":"closed","template":"","meta":{"_acf_changed":false},"product_brand":[],"product_cat":[68,83,70],"product_tag":[],"class_list":{"0":"post-2055","1":"product","2":"type-product","3":"status-publish","4":"has-post-thumbnail","6":"product_cat-acessorios","7":"product_cat-destaques","8":"product_cat-oculos","10":"first","11":"instock","12":"shipping-taxable","13":"purchasable","14":"product-type-simple"},"acf":[],"_links":{"self":[{"href":"https:\/\/app.huazapp.com\/mens\/wp-json\/wp\/v2\/product\/2055","targetHints":{"allow":["GET"]}}],"collection":[{"href":"https:\/\/app.huazapp.com\/mens\/wp-json\/wp\/v2\/product"}],"about":[{"href":"https:\/\/app.huazapp.com\/mens\/wp-json\/wp\/v2\/types\/product"}],"replies":[{"embeddable":true,"href":"https:\/\/app.huazapp.com\/mens\/wp-json\/wp\/v2\/comments?post=2055"}],"wp:featuredmedia":[{"embeddable":true,"href":"https:\/\/app.huazapp.com\/mens\/wp-json\/wp\/v2\/media\/2056"}],"wp:attachment":[{"href":"https:\/\/app.huazapp.com\/mens\/wp-json\/wp\/v2\/media?parent=2055"}],"wp:term":[{"taxonomy":"product_brand","embeddable":true,"href":"https:\/\/app.huazapp.com\/mens\/wp-json\/wp\/v2\/product_brand?post=2055"},{"taxonomy":"product_cat","embeddable":true,"href":"https:\/\/app.huazapp.com\/mens\/wp-json\/wp\/v2\/product_cat?post=2055"},{"taxonomy":"product_tag","embeddable":true,"href":"https:\/\/app.huazapp.com\/mens\/wp-json\/wp\/v2\/product_tag?post=2055"}],"curies":[{"name":"wp","href":"https:\/\/api.w.org\/{rel}","templated":true}]}}