{"id":2108,"date":"2025-11-02T15:37:51","date_gmt":"2025-11-02T18:37:51","guid":{"rendered":"https:\/\/app.huazapp.com\/mens\/?post_type=product&#038;p=2108"},"modified":"2025-11-02T15:37:51","modified_gmt":"2025-11-02T18:37:51","slug":"kit-sapato-social-cinto-de-couro-carteiro-de-couro-preta","status":"publish","type":"product","link":"https:\/\/app.huazapp.com\/mens\/produto\/kit-sapato-social-cinto-de-couro-carteiro-de-couro-preta\/","title":{"rendered":"Kit Sapato Social + Cinto de Couro + Carteiro de couro Preta"},"content":{"rendered":"<p data-start=\"66\" data-end=\"353\">O Kit Sapato Social + Cinto de Couro + Carteira de Couro Preta foi criado para homens que valorizam eleg\u00e2ncia, praticidade e sofistica\u00e7\u00e3o em cada detalhe.<br data-start=\"220\" data-end=\"223\" \/>Perfeito para o ambiente profissional ou eventos formais, o conjunto oferece harmonia entre design cl\u00e1ssico e acabamento refinado.<\/p>\n<p data-start=\"355\" data-end=\"566\">O sapato social garante conforto com solado aderente e modelagem moderna. O cinto, feito em couro leg\u00edtimo, traz resist\u00eancia e versatilidade. J\u00e1 a carteira complementa o visual com um toque discreto e funcional.<\/p>\n<p data-start=\"568\" data-end=\"592\"><strong data-start=\"568\" data-end=\"592\">Detalhes do produto:<\/strong><\/p>\n<ul data-start=\"593\" data-end=\"929\">\n<li data-start=\"593\" data-end=\"663\">\n<p data-start=\"595\" data-end=\"663\">Kit com 3 pe\u00e7as: sapato social, cinto de couro e carteira de couro<\/p>\n<\/li>\n<li data-start=\"664\" data-end=\"706\">\n<p data-start=\"666\" data-end=\"706\">Acabamento premium com design elegante<\/p>\n<\/li>\n<li data-start=\"707\" data-end=\"766\">\n<p data-start=\"709\" data-end=\"766\">Sapato com solado antiderrapante e palmilha confort\u00e1vel<\/p>\n<\/li>\n<li data-start=\"767\" data-end=\"806\">\n<p data-start=\"769\" data-end=\"806\">Cinto ajust\u00e1vel com fivela met\u00e1lica<\/p>\n<\/li>\n<li data-start=\"807\" data-end=\"869\">\n<p data-start=\"809\" data-end=\"869\">Carteira compacta com divis\u00f3rias para cart\u00f5es e documentos<\/p>\n<\/li>\n<li data-start=\"870\" data-end=\"884\">\n<p data-start=\"872\" data-end=\"884\">Cor: Preto<\/p>\n<\/li>\n<li data-start=\"885\" data-end=\"929\">\n<p data-start=\"887\" data-end=\"929\">Ideal para ocasi\u00f5es formais e uso di\u00e1rio<\/p>\n<\/li>\n<\/ul>\n<p data-start=\"931\" data-end=\"1026\" data-is-last-node=\"\" data-is-only-node=\"\"><strong data-start=\"931\" data-end=\"944\">Destaque:<\/strong> um kit completo que combina estilo, qualidade e praticidade para o homem moderno.<\/p>\n","protected":false},"excerpt":{"rendered":"<p>O Kit Sapato Social + Cinto de Couro + Carteira de Couro Preta foi criado para homens que valorizam eleg\u00e2ncia, praticidade e sofistica\u00e7\u00e3o em cada detalhe.Perfeito para o ambiente profissional ou eventos formais, o conjunto oferece harmonia entre design cl\u00e1ssico e acabamento refinado. O sapato social garante conforto com solado aderente e modelagem moderna. O cinto, feito em couro leg\u00edtimo, traz resist\u00eancia e versatilidade. J\u00e1 a carteira complementa o visual com um toque discreto e funcional. Detalhes do produto: Kit com 3 pe\u00e7as: sapato social, cinto de couro e carteira de couro Acabamento premium com design elegante Sapato com solado antiderrapante e palmilha confort\u00e1vel Cinto ajust\u00e1vel com fivela met\u00e1lica Carteira compacta com divis\u00f3rias para cart\u00f5es e documentos Cor: Preto Ideal para ocasi\u00f5es formais e uso di\u00e1rio Destaque: um kit completo que combina estilo, qualidade e praticidade para o homem moderno.<\/p>\n","protected":false},"featured_media":2109,"comment_status":"open","ping_status":"closed","template":"","meta":{"_acf_changed":false},"product_brand":[],"product_cat":[74],"product_tag":[],"class_list":{"0":"post-2108","1":"product","2":"type-product","3":"status-publish","4":"has-post-thumbnail","6":"product_cat-kit-pegada","8":"first","9":"instock","10":"shipping-taxable","11":"purchasable","12":"product-type-simple"},"acf":[],"_links":{"self":[{"href":"https:\/\/app.huazapp.com\/mens\/wp-json\/wp\/v2\/product\/2108","targetHints":{"allow":["GET"]}}],"collection":[{"href":"https:\/\/app.huazapp.com\/mens\/wp-json\/wp\/v2\/product"}],"about":[{"href":"https:\/\/app.huazapp.com\/mens\/wp-json\/wp\/v2\/types\/product"}],"replies":[{"embeddable":true,"href":"https:\/\/app.huazapp.com\/mens\/wp-json\/wp\/v2\/comments?post=2108"}],"wp:featuredmedia":[{"embeddable":true,"href":"https:\/\/app.huazapp.com\/mens\/wp-json\/wp\/v2\/media\/2109"}],"wp:attachment":[{"href":"https:\/\/app.huazapp.com\/mens\/wp-json\/wp\/v2\/media?parent=2108"}],"wp:term":[{"taxonomy":"product_brand","embeddable":true,"href":"https:\/\/app.huazapp.com\/mens\/wp-json\/wp\/v2\/product_brand?post=2108"},{"taxonomy":"product_cat","embeddable":true,"href":"https:\/\/app.huazapp.com\/mens\/wp-json\/wp\/v2\/product_cat?post=2108"},{"taxonomy":"product_tag","embeddable":true,"href":"https:\/\/app.huazapp.com\/mens\/wp-json\/wp\/v2\/product_tag?post=2108"}],"curies":[{"name":"wp","href":"https:\/\/api.w.org\/{rel}","templated":true}]}}