{"id":838,"date":"2025-10-29T21:36:26","date_gmt":"2025-10-30T00:36:26","guid":{"rendered":"https:\/\/app.huazapp.com\/mens\/?post_type=product&#038;p=838"},"modified":"2025-11-01T15:04:55","modified_gmt":"2025-11-01T18:04:55","slug":"camiseta-minimalist-mens","status":"publish","type":"product","link":"https:\/\/app.huazapp.com\/mens\/produto\/camiseta-minimalist-mens\/","title":{"rendered":"Camiseta Minimalist Men&#8217;s"},"content":{"rendered":"<p data-start=\"245\" data-end=\"450\">A <strong data-start=\"247\" data-end=\"276\">Camiseta Minimalist Men\u2019s<\/strong> foi criada para quem valoriza o essencial. Seu design limpo e atemporal traduz sofistica\u00e7\u00e3o em cada detalhe, combinando conforto, leveza e versatilidade em uma \u00fanica pe\u00e7a.<\/p>\n<p data-start=\"452\" data-end=\"719\">Confeccionada em algod\u00e3o macio, oferece toque suave e excelente respirabilidade, ideal para o dia a dia. A modelagem regular proporciona caimento natural e liberdade de movimento, enquanto o tom neutro facilita combina\u00e7\u00f5es com qualquer estilo \u2014 do casual ao urbano.<\/p>\n<p data-start=\"721\" data-end=\"825\">Com acabamento refor\u00e7ado na gola e costuras discretas, \u00e9 uma pe\u00e7a que transmite eleg\u00e2ncia sem esfor\u00e7o.<\/p>\n<p data-start=\"827\" data-end=\"854\"><strong data-start=\"827\" data-end=\"852\">Detalhes do Produto:<\/strong><\/p>\n<ul data-start=\"855\" data-end=\"1022\">\n<li data-start=\"855\" data-end=\"890\">\n<p data-start=\"857\" data-end=\"890\">Tecido leve, macio e respir\u00e1vel<\/p>\n<\/li>\n<li data-start=\"891\" data-end=\"925\">\n<p data-start=\"893\" data-end=\"925\">Design minimalista e atemporal<\/p>\n<\/li>\n<li data-start=\"926\" data-end=\"972\">\n<p data-start=\"928\" data-end=\"972\">Modelagem confort\u00e1vel com caimento natural<\/p>\n<\/li>\n<li data-start=\"973\" data-end=\"1022\">\n<p data-start=\"975\" data-end=\"1022\">Ideal para composi\u00e7\u00f5es b\u00e1sicas e sofisticadas<\/p>\n<\/li>\n<\/ul>\n","protected":false},"excerpt":{"rendered":"<p>A Camiseta Minimalist Men\u2019s foi criada para quem valoriza o essencial. Seu design limpo e atemporal traduz sofistica\u00e7\u00e3o em cada detalhe, combinando conforto, leveza e versatilidade em uma \u00fanica pe\u00e7a. Confeccionada em algod\u00e3o macio, oferece toque suave e excelente respirabilidade, ideal para o dia a dia. A modelagem regular proporciona caimento natural e liberdade de movimento, enquanto o tom neutro facilita combina\u00e7\u00f5es com qualquer estilo \u2014 do casual ao urbano. Com acabamento refor\u00e7ado na gola e costuras discretas, \u00e9 uma pe\u00e7a que transmite eleg\u00e2ncia sem esfor\u00e7o. Detalhes do Produto: Tecido leve, macio e respir\u00e1vel Design minimalista e atemporal Modelagem confort\u00e1vel com caimento natural Ideal para composi\u00e7\u00f5es b\u00e1sicas e sofisticadas<\/p>\n","protected":false},"featured_media":839,"comment_status":"open","ping_status":"closed","template":"","meta":{"_acf_changed":false},"product_brand":[],"product_cat":[21],"product_tag":[],"class_list":{"0":"post-838","1":"product","2":"type-product","3":"status-publish","4":"has-post-thumbnail","6":"product_cat-camisetas","7":"pa_tamanho-g","8":"pa_tamanho-gg","9":"pa_tamanho-m","10":"pa_tamanho-p","12":"first","13":"instock","14":"shipping-taxable","15":"purchasable","16":"product-type-variable","17":"has-default-attributes","18":"rtwpvg-product"},"acf":[],"_links":{"self":[{"href":"https:\/\/app.huazapp.com\/mens\/wp-json\/wp\/v2\/product\/838","targetHints":{"allow":["GET"]}}],"collection":[{"href":"https:\/\/app.huazapp.com\/mens\/wp-json\/wp\/v2\/product"}],"about":[{"href":"https:\/\/app.huazapp.com\/mens\/wp-json\/wp\/v2\/types\/product"}],"replies":[{"embeddable":true,"href":"https:\/\/app.huazapp.com\/mens\/wp-json\/wp\/v2\/comments?post=838"}],"wp:featuredmedia":[{"embeddable":true,"href":"https:\/\/app.huazapp.com\/mens\/wp-json\/wp\/v2\/media\/839"}],"wp:attachment":[{"href":"https:\/\/app.huazapp.com\/mens\/wp-json\/wp\/v2\/media?parent=838"}],"wp:term":[{"taxonomy":"product_brand","embeddable":true,"href":"https:\/\/app.huazapp.com\/mens\/wp-json\/wp\/v2\/product_brand?post=838"},{"taxonomy":"product_cat","embeddable":true,"href":"https:\/\/app.huazapp.com\/mens\/wp-json\/wp\/v2\/product_cat?post=838"},{"taxonomy":"product_tag","embeddable":true,"href":"https:\/\/app.huazapp.com\/mens\/wp-json\/wp\/v2\/product_tag?post=838"}],"curies":[{"name":"wp","href":"https:\/\/api.w.org\/{rel}","templated":true}]}}