{"id":3071,"date":"2025-11-10T17:11:51","date_gmt":"2025-11-10T20:11:51","guid":{"rendered":"https:\/\/app.huazapp.com\/woman\/?post_type=product&#038;p=3071"},"modified":"2025-11-11T18:02:27","modified_gmt":"2025-11-11T21:02:27","slug":"vestido-woman-longo-com-recorte","status":"publish","type":"product","link":"https:\/\/app.huazapp.com\/woman\/produto\/vestido-woman-longo-com-recorte\/","title":{"rendered":"Vestido Woman longo com recorte"},"content":{"rendered":"<p data-start=\"49\" data-end=\"229\">Sofistica\u00e7\u00e3o em seu ponto mais alto.<br data-start=\"85\" data-end=\"88\" \/>O Vestido Woman longo com recorte foi criado para mulheres que desejam um visual impactante, elegante e inesquec\u00edvel para ocasi\u00f5es especiais.<\/p>\n<p data-start=\"231\" data-end=\"572\">Com acabamento reluzente e modelagem que valoriza as curvas, o vestido entrega um equil\u00edbrio perfeito entre glamour e modernidade. O recorte frontal no busto adiciona um detalhe \u00fanico e delicado, enquanto a fenda lateral alonga a silhueta e garante leveza ao caminhar. Seu caimento \u00e9 estruturado, proporcionando uma forma impec\u00e1vel ao corpo.<\/p>\n<p data-start=\"574\" data-end=\"753\"><strong data-start=\"574\" data-end=\"587\">Destaques<\/strong><br \/>\n\u2022 Modelo longo com brilho sofisticado<br data-start=\"625\" data-end=\"628\" \/>\u2022 Recorte frontal delicado que destaca o busto<br data-start=\"674\" data-end=\"677\" \/>\u2022 Fenda lateral para movimento e eleg\u00e2ncia<br data-start=\"719\" data-end=\"722\" data-is-only-node=\"\" \/>\u2022 Silhueta alongada e moderna<\/p>\n<p data-start=\"755\" data-end=\"879\"><strong data-start=\"755\" data-end=\"772\">Perfeito para<\/strong><br \/>\nCasamentos, formaturas, eventos de gala, festas noturnas e momentos em que o protagonismo \u00e9 indispens\u00e1vel.<\/p>\n<p data-start=\"881\" data-end=\"950\" data-is-last-node=\"\" data-is-only-node=\"\">Um vestido que traduz presen\u00e7a, confian\u00e7a e requinte em cada detalhe.<\/p>\n","protected":false},"excerpt":{"rendered":"<p>Sofistica\u00e7\u00e3o em seu ponto mais alto.O Vestido Woman longo com recorte foi criado para mulheres que desejam um visual impactante, elegante e inesquec\u00edvel para ocasi\u00f5es especiais. Com acabamento reluzente e modelagem que valoriza as curvas, o vestido entrega um equil\u00edbrio perfeito entre glamour e modernidade. O recorte frontal no busto adiciona um detalhe \u00fanico e delicado, enquanto a fenda lateral alonga a silhueta e garante leveza ao caminhar. Seu caimento \u00e9 estruturado, proporcionando uma forma impec\u00e1vel ao corpo. Destaques \u2022 Modelo longo com brilho sofisticado\u2022 Recorte frontal delicado que destaca o busto\u2022 Fenda lateral para movimento e eleg\u00e2ncia\u2022 Silhueta alongada e moderna Perfeito para Casamentos, formaturas, eventos de gala, festas noturnas e momentos em que o protagonismo \u00e9 indispens\u00e1vel. Um vestido que traduz presen\u00e7a, confian\u00e7a e requinte em cada detalhe.<\/p>\n","protected":false},"featured_media":3072,"comment_status":"open","ping_status":"closed","template":"","meta":{"_acf_changed":false},"product_brand":[],"product_cat":[93],"product_tag":[],"class_list":{"0":"post-3071","1":"product","2":"type-product","3":"status-publish","4":"has-post-thumbnail","6":"product_cat-vestidos","7":"pa_tamanho-36","8":"pa_tamanho-38","9":"pa_tamanho-40","11":"first","12":"instock","13":"shipping-taxable","14":"purchasable","15":"product-type-variable","16":"rtwpvg-product"},"acf":[],"_links":{"self":[{"href":"https:\/\/app.huazapp.com\/woman\/wp-json\/wp\/v2\/product\/3071","targetHints":{"allow":["GET"]}}],"collection":[{"href":"https:\/\/app.huazapp.com\/woman\/wp-json\/wp\/v2\/product"}],"about":[{"href":"https:\/\/app.huazapp.com\/woman\/wp-json\/wp\/v2\/types\/product"}],"replies":[{"embeddable":true,"href":"https:\/\/app.huazapp.com\/woman\/wp-json\/wp\/v2\/comments?post=3071"}],"wp:featuredmedia":[{"embeddable":true,"href":"https:\/\/app.huazapp.com\/woman\/wp-json\/wp\/v2\/media\/3072"}],"wp:attachment":[{"href":"https:\/\/app.huazapp.com\/woman\/wp-json\/wp\/v2\/media?parent=3071"}],"wp:term":[{"taxonomy":"product_brand","embeddable":true,"href":"https:\/\/app.huazapp.com\/woman\/wp-json\/wp\/v2\/product_brand?post=3071"},{"taxonomy":"product_cat","embeddable":true,"href":"https:\/\/app.huazapp.com\/woman\/wp-json\/wp\/v2\/product_cat?post=3071"},{"taxonomy":"product_tag","embeddable":true,"href":"https:\/\/app.huazapp.com\/woman\/wp-json\/wp\/v2\/product_tag?post=3071"}],"curies":[{"name":"wp","href":"https:\/\/api.w.org\/{rel}","templated":true}]}}