{"id":3088,"date":"2025-11-10T17:30:11","date_gmt":"2025-11-10T20:30:11","guid":{"rendered":"https:\/\/app.huazapp.com\/woman\/?post_type=product&#038;p=3088"},"modified":"2025-11-11T18:01:54","modified_gmt":"2025-11-11T21:01:54","slug":"vestido-woman-curto-tule","status":"publish","type":"product","link":"https:\/\/app.huazapp.com\/woman\/produto\/vestido-woman-curto-tule\/","title":{"rendered":"Vestido Woman curto tule"},"content":{"rendered":"<p data-start=\"42\" data-end=\"312\">Estilo vibrante com um toque moderno.<br data-start=\"79\" data-end=\"82\" \/>O Vestido Woman curto tule foi desenvolvido para mulheres que querem unir personalidade, conforto e impacto visual. Sua modelagem ajustada valoriza a silhueta, enquanto o decote ombro a ombro garante um visual feminino e elegante.<\/p>\n<p data-start=\"314\" data-end=\"551\">O tule estampado traz movimento e cor, com um mix de tons que destacam o look de forma equilibrada e atual. As mangas longas adicionam sofistica\u00e7\u00e3o, tornando o modelo ideal para produ\u00e7\u00f5es vers\u00e1teis, que v\u00e3o do dia \u00e0 noite com facilidade.<\/p>\n<p data-start=\"553\" data-end=\"689\"><strong data-start=\"553\" data-end=\"566\">Destaques<\/strong><br data-start=\"566\" data-end=\"569\" \/>\u2022 Modelagem curta e ajustada<br data-start=\"597\" data-end=\"600\" \/>\u2022 Tule estampado moderno<br data-start=\"624\" data-end=\"627\" \/>\u2022 Decote ombro a ombro<br data-start=\"649\" data-end=\"652\" data-is-only-node=\"\" \/>\u2022 Mangas longas para mais eleg\u00e2ncia<\/p>\n<p data-start=\"691\" data-end=\"802\"><strong data-start=\"691\" data-end=\"708\">Perfeito para<\/strong><br data-start=\"708\" data-end=\"711\" \/>Eventos casuais, festas, sa\u00eddas noturnas, encontros e produ\u00e7\u00f5es modernas com personalidade.<\/p>\n<p data-start=\"804\" data-end=\"884\" data-is-last-node=\"\" data-is-only-node=\"\">Uma pe\u00e7a marcante para quem busca estilo com atitude, sem abrir m\u00e3o do conforto.<\/p>\n","protected":false},"excerpt":{"rendered":"<p>Estilo vibrante com um toque moderno.O Vestido Woman curto tule foi desenvolvido para mulheres que querem unir personalidade, conforto e impacto visual. Sua modelagem ajustada valoriza a silhueta, enquanto o decote ombro a ombro garante um visual feminino e elegante. O tule estampado traz movimento e cor, com um mix de tons que destacam o look de forma equilibrada e atual. As mangas longas adicionam sofistica\u00e7\u00e3o, tornando o modelo ideal para produ\u00e7\u00f5es vers\u00e1teis, que v\u00e3o do dia \u00e0 noite com facilidade. Destaques\u2022 Modelagem curta e ajustada\u2022 Tule estampado moderno\u2022 Decote ombro a ombro\u2022 Mangas longas para mais eleg\u00e2ncia Perfeito paraEventos casuais, festas, sa\u00eddas noturnas, encontros e produ\u00e7\u00f5es modernas com personalidade. Uma pe\u00e7a marcante para quem busca estilo com atitude, sem abrir m\u00e3o do conforto.<\/p>\n","protected":false},"featured_media":3089,"comment_status":"open","ping_status":"closed","template":"","meta":{"_acf_changed":false},"product_brand":[],"product_cat":[93],"product_tag":[],"class_list":{"0":"post-3088","1":"product","2":"type-product","3":"status-publish","4":"has-post-thumbnail","6":"product_cat-vestidos","7":"pa_tamanho-36","8":"pa_tamanho-38","9":"pa_tamanho-40","11":"first","12":"instock","13":"shipping-taxable","14":"purchasable","15":"product-type-variable","16":"rtwpvg-product"},"acf":[],"_links":{"self":[{"href":"https:\/\/app.huazapp.com\/woman\/wp-json\/wp\/v2\/product\/3088","targetHints":{"allow":["GET"]}}],"collection":[{"href":"https:\/\/app.huazapp.com\/woman\/wp-json\/wp\/v2\/product"}],"about":[{"href":"https:\/\/app.huazapp.com\/woman\/wp-json\/wp\/v2\/types\/product"}],"replies":[{"embeddable":true,"href":"https:\/\/app.huazapp.com\/woman\/wp-json\/wp\/v2\/comments?post=3088"}],"wp:featuredmedia":[{"embeddable":true,"href":"https:\/\/app.huazapp.com\/woman\/wp-json\/wp\/v2\/media\/3089"}],"wp:attachment":[{"href":"https:\/\/app.huazapp.com\/woman\/wp-json\/wp\/v2\/media?parent=3088"}],"wp:term":[{"taxonomy":"product_brand","embeddable":true,"href":"https:\/\/app.huazapp.com\/woman\/wp-json\/wp\/v2\/product_brand?post=3088"},{"taxonomy":"product_cat","embeddable":true,"href":"https:\/\/app.huazapp.com\/woman\/wp-json\/wp\/v2\/product_cat?post=3088"},{"taxonomy":"product_tag","embeddable":true,"href":"https:\/\/app.huazapp.com\/woman\/wp-json\/wp\/v2\/product_tag?post=3088"}],"curies":[{"name":"wp","href":"https:\/\/api.w.org\/{rel}","templated":true}]}}