{"id":3101,"date":"2025-11-10T18:40:09","date_gmt":"2025-11-10T21:40:09","guid":{"rendered":"https:\/\/app.huazapp.com\/woman\/?post_type=product&#038;p=3101"},"modified":"2025-11-11T18:01:48","modified_gmt":"2025-11-11T21:01:48","slug":"conjunto-mini-saia-e-cropped","status":"publish","type":"product","link":"https:\/\/app.huazapp.com\/woman\/produto\/conjunto-mini-saia-e-cropped\/","title":{"rendered":"Conjunto mini saia e cropped"},"content":{"rendered":"<p data-start=\"52\" data-end=\"241\">Moderno, marcante e cheio de personalidade.<br data-start=\"95\" data-end=\"98\" \/>O Conjunto Woman mini saia e cropped foi pensado para quem ama um visual vibrante e feminino, ideal para produ\u00e7\u00f5es que pedem presen\u00e7a e estilo.<\/p>\n<p data-start=\"243\" data-end=\"591\">O cropped com al\u00e7as finas possui aplica\u00e7\u00f5es em relevo que trazem textura e protagonismo ao look. A mini saia segue a mesma proposta, criando uma composi\u00e7\u00e3o harm\u00f4nica e impactante. A modelagem ajustada valoriza a silhueta, enquanto o design em duas pe\u00e7as permite combina\u00e7\u00f5es vers\u00e1teis, que podem transitar entre eventos casuais e produ\u00e7\u00f5es noturnas.<\/p>\n<p data-start=\"593\" data-end=\"781\"><strong data-start=\"593\" data-end=\"606\">Destaques<\/strong><br data-start=\"606\" data-end=\"609\" \/>\u2022 Conjunto de duas pe\u00e7as: cropped + mini saia<br data-start=\"654\" data-end=\"657\" \/>\u2022 Aplica\u00e7\u00f5es em relevo que criam destaque visual<br data-start=\"705\" data-end=\"708\" \/>\u2022 Modelagem ajustada que valoriza o corpo<br data-start=\"749\" data-end=\"752\" data-is-only-node=\"\" \/>\u2022 Design moderno e marcante<\/p>\n<p data-start=\"783\" data-end=\"886\"><strong data-start=\"783\" data-end=\"800\">Perfeito para<\/strong><br data-start=\"800\" data-end=\"803\" \/>Festas, baladas, jantares, encontros e ocasi\u00f5es especiais em que voc\u00ea quer brilhar.<\/p>\n<p data-start=\"888\" data-end=\"965\" data-is-last-node=\"\" data-is-only-node=\"\">Uma escolha poderosa para quem busca autenticidade e estilo em um \u00fanico look.<\/p>\n","protected":false},"excerpt":{"rendered":"<p>Moderno, marcante e cheio de personalidade.O Conjunto Woman mini saia e cropped foi pensado para quem ama um visual vibrante e feminino, ideal para produ\u00e7\u00f5es que pedem presen\u00e7a e estilo. O cropped com al\u00e7as finas possui aplica\u00e7\u00f5es em relevo que trazem textura e protagonismo ao look. A mini saia segue a mesma proposta, criando uma composi\u00e7\u00e3o harm\u00f4nica e impactante. A modelagem ajustada valoriza a silhueta, enquanto o design em duas pe\u00e7as permite combina\u00e7\u00f5es vers\u00e1teis, que podem transitar entre eventos casuais e produ\u00e7\u00f5es noturnas. Destaques\u2022 Conjunto de duas pe\u00e7as: cropped + mini saia\u2022 Aplica\u00e7\u00f5es em relevo que criam destaque visual\u2022 Modelagem ajustada que valoriza o corpo\u2022 Design moderno e marcante Perfeito paraFestas, baladas, jantares, encontros e ocasi\u00f5es especiais em que voc\u00ea quer brilhar. Uma escolha poderosa para quem busca autenticidade e estilo em um \u00fanico look.<\/p>\n","protected":false},"featured_media":3102,"comment_status":"open","ping_status":"closed","template":"","meta":{"_acf_changed":false},"product_brand":[],"product_cat":[95],"product_tag":[],"class_list":{"0":"post-3101","1":"product","2":"type-product","3":"status-publish","4":"has-post-thumbnail","6":"product_cat-conjuntos","7":"pa_tamanho-g","8":"pa_tamanho-m","9":"pa_tamanho-p","11":"first","12":"instock","13":"shipping-taxable","14":"purchasable","15":"product-type-variable","16":"has-default-attributes","17":"rtwpvg-product"},"acf":[],"_links":{"self":[{"href":"https:\/\/app.huazapp.com\/woman\/wp-json\/wp\/v2\/product\/3101","targetHints":{"allow":["GET"]}}],"collection":[{"href":"https:\/\/app.huazapp.com\/woman\/wp-json\/wp\/v2\/product"}],"about":[{"href":"https:\/\/app.huazapp.com\/woman\/wp-json\/wp\/v2\/types\/product"}],"replies":[{"embeddable":true,"href":"https:\/\/app.huazapp.com\/woman\/wp-json\/wp\/v2\/comments?post=3101"}],"wp:featuredmedia":[{"embeddable":true,"href":"https:\/\/app.huazapp.com\/woman\/wp-json\/wp\/v2\/media\/3102"}],"wp:attachment":[{"href":"https:\/\/app.huazapp.com\/woman\/wp-json\/wp\/v2\/media?parent=3101"}],"wp:term":[{"taxonomy":"product_brand","embeddable":true,"href":"https:\/\/app.huazapp.com\/woman\/wp-json\/wp\/v2\/product_brand?post=3101"},{"taxonomy":"product_cat","embeddable":true,"href":"https:\/\/app.huazapp.com\/woman\/wp-json\/wp\/v2\/product_cat?post=3101"},{"taxonomy":"product_tag","embeddable":true,"href":"https:\/\/app.huazapp.com\/woman\/wp-json\/wp\/v2\/product_tag?post=3101"}],"curies":[{"name":"wp","href":"https:\/\/api.w.org\/{rel}","templated":true}]}}