{"id":3166,"date":"2025-11-10T21:01:18","date_gmt":"2025-11-11T00:01:18","guid":{"rendered":"https:\/\/app.huazapp.com\/woman\/?post_type=product&#038;p=3166"},"modified":"2025-11-10T22:50:00","modified_gmt":"2025-11-11T01:50:00","slug":"perfume-lancome-la-vie-est-belle-eau-de-parfum-100ml","status":"publish","type":"product","link":"https:\/\/app.huazapp.com\/woman\/produto\/perfume-lancome-la-vie-est-belle-eau-de-parfum-100ml\/","title":{"rendered":"Perfume Lanc\u00f4me La Vie Est Belle Eau de Parfum 100ml"},"content":{"rendered":"<p>Perfume feminino simplesmente encantador. Lanc\u00f4me La Vie Est Belle introduz uma nova categoria olfativa: Iris Gourmand.<br \/>\nFeito com os mais preciosos ingredientes naturais, uma moderna interpreta\u00e7\u00e3o de uma fragr\u00e2ncia Oriental com um toque Gourmand.<br \/>\nO perfume La Vie Est Belle \u00e9 alegre e feminino.<br \/>\nUm perfume que deixa a vida mais bonita!<\/p>\n<div>\n<p><strong>DETALHES DO PRODUTO<\/strong><\/p>\n<\/div>\n<div class=\"table-counter\">\n<table class=\"table table-details table-hover table-striped cke_show_border\">\n<tbody>\n<tr>\n<td>Marca<\/td>\n<td>Lanc\u00f4me<\/td>\n<\/tr>\n<tr>\n<td>G\u00eanero<\/td>\n<td>Feminino<\/td>\n<\/tr>\n<tr>\n<td>Concentra\u00e7\u00e3o<\/td>\n<td>Eau de Parfum &#8211; EDP<\/td>\n<\/tr>\n<tr>\n<td>Volume<\/td>\n<td>100ML<\/td>\n<\/tr>\n<tr>\n<td>Fam\u00edilia Olfativa<\/td>\n<td>Floral Oriental Gourmad<\/td>\n<\/tr>\n<tr>\n<td>Notas de Topo<\/td>\n<td>Cassis e Pera<\/td>\n<\/tr>\n<tr>\n<td>Notas de Cora\u00e7\u00e3o<\/td>\n<td>\u00cdris, Flor de Laranjeira e Jasmim<\/td>\n<\/tr>\n<tr>\n<td>Notas de Fundo<\/td>\n<td>Patchouli, Fava Tonka, Baunilha e Pralin\u00ea<\/td>\n<\/tr>\n<tr>\n<td>Intensidade<\/td>\n<td>Moderada<\/td>\n<\/tr>\n<tr>\n<td>Tempo de Fixa\u00e7\u00e3o<\/td>\n<td>Longo<\/td>\n<\/tr>\n<tr>\n<td>Ocasi\u00e3o<\/td>\n<td>Sofisticada, Noite<\/td>\n<\/tr>\n<tr>\n<td>Tipo de Aplica\u00e7\u00e3o<\/td>\n<td>Spray<\/td>\n<\/tr>\n<tr>\n<td>Ano de Lan\u00e7amento<\/td>\n<td>2012<\/td>\n<\/tr>\n<tr>\n<td>Perfumista<\/td>\n<td>Lanc\u00f4me<\/td>\n<\/tr>\n<\/tbody>\n<\/table>\n<\/div>\n","protected":false},"excerpt":{"rendered":"<p>Perfume feminino simplesmente encantador. Lanc\u00f4me La Vie Est Belle introduz uma nova categoria olfativa: Iris Gourmand. Feito com os mais preciosos ingredientes naturais, uma moderna interpreta\u00e7\u00e3o de uma fragr\u00e2ncia Oriental com um toque Gourmand. O perfume La Vie Est Belle \u00e9 alegre e feminino. Um perfume que deixa a vida mais bonita! DETALHES DO PRODUTO Marca Lanc\u00f4me G\u00eanero Feminino Concentra\u00e7\u00e3o Eau de Parfum &#8211; EDP Volume 100ML Fam\u00edilia Olfativa Floral Oriental Gourmad Notas de Topo Cassis e Pera Notas de Cora\u00e7\u00e3o \u00cdris, Flor de Laranjeira e Jasmim Notas de Fundo Patchouli, Fava Tonka, Baunilha e Pralin\u00ea Intensidade Moderada Tempo de Fixa\u00e7\u00e3o Longo Ocasi\u00e3o Sofisticada, Noite Tipo de Aplica\u00e7\u00e3o Spray Ano de Lan\u00e7amento 2012 Perfumista Lanc\u00f4me<\/p>\n","protected":false},"featured_media":3170,"comment_status":"open","ping_status":"closed","template":"","meta":{"_acf_changed":false},"product_brand":[],"product_cat":[96],"product_tag":[],"class_list":{"0":"post-3166","1":"product","2":"type-product","3":"status-publish","4":"has-post-thumbnail","6":"product_cat-perfumes","8":"first","9":"instock","10":"shipping-taxable","11":"purchasable","12":"product-type-simple"},"acf":[],"_links":{"self":[{"href":"https:\/\/app.huazapp.com\/woman\/wp-json\/wp\/v2\/product\/3166","targetHints":{"allow":["GET"]}}],"collection":[{"href":"https:\/\/app.huazapp.com\/woman\/wp-json\/wp\/v2\/product"}],"about":[{"href":"https:\/\/app.huazapp.com\/woman\/wp-json\/wp\/v2\/types\/product"}],"replies":[{"embeddable":true,"href":"https:\/\/app.huazapp.com\/woman\/wp-json\/wp\/v2\/comments?post=3166"}],"wp:featuredmedia":[{"embeddable":true,"href":"https:\/\/app.huazapp.com\/woman\/wp-json\/wp\/v2\/media\/3170"}],"wp:attachment":[{"href":"https:\/\/app.huazapp.com\/woman\/wp-json\/wp\/v2\/media?parent=3166"}],"wp:term":[{"taxonomy":"product_brand","embeddable":true,"href":"https:\/\/app.huazapp.com\/woman\/wp-json\/wp\/v2\/product_brand?post=3166"},{"taxonomy":"product_cat","embeddable":true,"href":"https:\/\/app.huazapp.com\/woman\/wp-json\/wp\/v2\/product_cat?post=3166"},{"taxonomy":"product_tag","embeddable":true,"href":"https:\/\/app.huazapp.com\/woman\/wp-json\/wp\/v2\/product_tag?post=3166"}],"curies":[{"name":"wp","href":"https:\/\/api.w.org\/{rel}","templated":true}]}}