{"id":3202,"date":"2025-11-10T22:15:45","date_gmt":"2025-11-11T01:15:45","guid":{"rendered":"https:\/\/app.huazapp.com\/woman\/?post_type=product&#038;p=3202"},"modified":"2025-11-11T18:03:46","modified_gmt":"2025-11-11T21:03:46","slug":"bolsa-de-couro-feminino-carry-on","status":"publish","type":"product","link":"https:\/\/app.huazapp.com\/woman\/produto\/bolsa-de-couro-feminino-carry-on\/","title":{"rendered":"Bolsa de couro feminino carry on"},"content":{"rendered":"<p data-start=\"50\" data-end=\"266\">Eleg\u00e2ncia funcional para acompanhar sua rotina com sofistica\u00e7\u00e3o.<br data-start=\"114\" data-end=\"117\" \/>A Bolsa de Couro Feminina Carry On combina design cl\u00e1ssico e moderno em uma pe\u00e7a vers\u00e1til, ideal para quem busca praticidade sem abrir m\u00e3o de estilo.<\/p>\n<p data-start=\"268\" data-end=\"661\">Confeccionada em couro premium, apresenta estrutura firme e acabamento impec\u00e1vel, trazendo durabilidade e presen\u00e7a. O mix de cores neutras com detalhes em preto e caramelo adiciona um toque refinado e atemporal, facilitando combina\u00e7\u00f5es com diferentes looks. A al\u00e7a superior oferece praticidade no dia a dia, e a al\u00e7a longa permite uso transversal, garantindo conforto e liberdade de movimento.<\/p>\n<p data-start=\"663\" data-end=\"851\"><strong data-start=\"663\" data-end=\"676\">Destaques<\/strong><br data-start=\"676\" data-end=\"679\" \/>\u2022 Couro premium com excelente acabamento<br data-start=\"719\" data-end=\"722\" \/>\u2022 Design elegante em cores neutras<br data-start=\"756\" data-end=\"759\" \/>\u2022 Al\u00e7a de m\u00e3o e al\u00e7a longa ajust\u00e1vel<br data-start=\"795\" data-end=\"798\" \/>\u2022 Estrutura firme e vers\u00e1til para diversas ocasi\u00f5es<\/p>\n<p data-start=\"853\" data-end=\"1030\" data-is-last-node=\"\" data-is-only-node=\"\">Ideal para trabalho, compromissos di\u00e1rios e produ\u00e7\u00f5es casuais sofisticadas, sendo a escolha perfeita para quem valoriza estilo, qualidade e funcionalidade em um \u00fanico acess\u00f3rio.<\/p>\n","protected":false},"excerpt":{"rendered":"<p>Eleg\u00e2ncia funcional para acompanhar sua rotina com sofistica\u00e7\u00e3o.A Bolsa de Couro Feminina Carry On combina design cl\u00e1ssico e moderno em uma pe\u00e7a vers\u00e1til, ideal para quem busca praticidade sem abrir m\u00e3o de estilo. Confeccionada em couro premium, apresenta estrutura firme e acabamento impec\u00e1vel, trazendo durabilidade e presen\u00e7a. O mix de cores neutras com detalhes em preto e caramelo adiciona um toque refinado e atemporal, facilitando combina\u00e7\u00f5es com diferentes looks. A al\u00e7a superior oferece praticidade no dia a dia, e a al\u00e7a longa permite uso transversal, garantindo conforto e liberdade de movimento. Destaques\u2022 Couro premium com excelente acabamento\u2022 Design elegante em cores neutras\u2022 Al\u00e7a de m\u00e3o e al\u00e7a longa ajust\u00e1vel\u2022 Estrutura firme e vers\u00e1til para diversas ocasi\u00f5es Ideal para trabalho, compromissos di\u00e1rios e produ\u00e7\u00f5es casuais sofisticadas, sendo a escolha perfeita para quem valoriza estilo, qualidade e funcionalidade em um \u00fanico acess\u00f3rio.<\/p>\n","protected":false},"featured_media":3203,"comment_status":"open","ping_status":"closed","template":"","meta":{"_acf_changed":false},"product_brand":[],"product_cat":[97,99,94,18],"product_tag":[],"class_list":{"0":"post-3202","1":"product","2":"type-product","3":"status-publish","4":"has-post-thumbnail","6":"product_cat-acessorios","7":"product_cat-bolsas","8":"product_cat-destaques","9":"product_cat-woman","11":"first","12":"instock","13":"shipping-taxable","14":"purchasable","15":"product-type-simple"},"acf":[],"_links":{"self":[{"href":"https:\/\/app.huazapp.com\/woman\/wp-json\/wp\/v2\/product\/3202","targetHints":{"allow":["GET"]}}],"collection":[{"href":"https:\/\/app.huazapp.com\/woman\/wp-json\/wp\/v2\/product"}],"about":[{"href":"https:\/\/app.huazapp.com\/woman\/wp-json\/wp\/v2\/types\/product"}],"replies":[{"embeddable":true,"href":"https:\/\/app.huazapp.com\/woman\/wp-json\/wp\/v2\/comments?post=3202"}],"wp:featuredmedia":[{"embeddable":true,"href":"https:\/\/app.huazapp.com\/woman\/wp-json\/wp\/v2\/media\/3203"}],"wp:attachment":[{"href":"https:\/\/app.huazapp.com\/woman\/wp-json\/wp\/v2\/media?parent=3202"}],"wp:term":[{"taxonomy":"product_brand","embeddable":true,"href":"https:\/\/app.huazapp.com\/woman\/wp-json\/wp\/v2\/product_brand?post=3202"},{"taxonomy":"product_cat","embeddable":true,"href":"https:\/\/app.huazapp.com\/woman\/wp-json\/wp\/v2\/product_cat?post=3202"},{"taxonomy":"product_tag","embeddable":true,"href":"https:\/\/app.huazapp.com\/woman\/wp-json\/wp\/v2\/product_tag?post=3202"}],"curies":[{"name":"wp","href":"https:\/\/api.w.org\/{rel}","templated":true}]}}