{"id":3308,"date":"2025-11-11T13:07:23","date_gmt":"2025-11-11T16:07:23","guid":{"rendered":"https:\/\/app.huazapp.com\/woman\/?post_type=product&#038;p=3308"},"modified":"2025-11-11T13:07:23","modified_gmt":"2025-11-11T16:07:23","slug":"bota-bico-fino-preto-couro","status":"publish","type":"product","link":"https:\/\/app.huazapp.com\/woman\/produto\/bota-bico-fino-preto-couro\/","title":{"rendered":"Bota Bico Fino Preto Couro"},"content":{"rendered":"<p data-start=\"47\" data-end=\"319\">Eleg\u00e2ncia em cada detalhe.<br data-start=\"73\" data-end=\"76\" \/>A Bota Bico Fino Preto em Couro \u00e9 uma pe\u00e7a sofisticada que adiciona personalidade e modernidade a qualquer look. Confeccionada em couro de alta qualidade, apresenta acabamento suave e design clean, resultando em um visual atemporal e vers\u00e1til.<\/p>\n<p data-start=\"321\" data-end=\"614\">O bico fino alonga a silhueta e traz um ar refinado, enquanto o salto alto estruturado adiciona presen\u00e7a e eleg\u00e2ncia. O detalhe el\u00e1stico lateral facilita o calce, proporcionando conforto e praticidade. O toque metalizado no salto oferece um charme extra, tornando o modelo ainda mais marcante.<\/p>\n<p data-start=\"616\" data-end=\"780\"><strong data-start=\"616\" data-end=\"629\">Destaques<\/strong><br data-start=\"629\" data-end=\"632\" \/>\u2022 Bico fino elegante<br data-start=\"652\" data-end=\"655\" \/>\u2022 Couro de alta qualidade<br data-start=\"680\" data-end=\"683\" \/>\u2022 Salto alto estruturado<br data-start=\"707\" data-end=\"710\" \/>\u2022 Detalhe metalizado moderno<br data-start=\"738\" data-end=\"741\" \/>\u2022 El\u00e1stico lateral para calce pr\u00e1tico<\/p>\n<p data-start=\"782\" data-end=\"892\" data-is-last-node=\"\" data-is-only-node=\"\">Perfeita para compor looks urbanos, sociais ou noturnos, garantindo estilo e sofistica\u00e7\u00e3o em qualquer ocasi\u00e3o.<\/p>\n","protected":false},"excerpt":{"rendered":"<p>Eleg\u00e2ncia em cada detalhe.A Bota Bico Fino Preto em Couro \u00e9 uma pe\u00e7a sofisticada que adiciona personalidade e modernidade a qualquer look. Confeccionada em couro de alta qualidade, apresenta acabamento suave e design clean, resultando em um visual atemporal e vers\u00e1til. O bico fino alonga a silhueta e traz um ar refinado, enquanto o salto alto estruturado adiciona presen\u00e7a e eleg\u00e2ncia. O detalhe el\u00e1stico lateral facilita o calce, proporcionando conforto e praticidade. O toque metalizado no salto oferece um charme extra, tornando o modelo ainda mais marcante. Destaques\u2022 Bico fino elegante\u2022 Couro de alta qualidade\u2022 Salto alto estruturado\u2022 Detalhe metalizado moderno\u2022 El\u00e1stico lateral para calce pr\u00e1tico Perfeita para compor looks urbanos, sociais ou noturnos, garantindo estilo e sofistica\u00e7\u00e3o em qualquer ocasi\u00e3o.<\/p>\n","protected":false},"featured_media":3312,"comment_status":"open","ping_status":"closed","template":"","meta":{"_acf_changed":false},"product_brand":[],"product_cat":[105,103],"product_tag":[],"class_list":{"0":"post-3308","1":"product","2":"type-product","3":"status-publish","4":"has-post-thumbnail","6":"product_cat-botas","7":"product_cat-calcados","8":"pa_tamanho-37","9":"pa_tamanho-38","10":"pa_tamanho-39","12":"first","13":"instock","14":"shipping-taxable","15":"purchasable","16":"product-type-variable","17":"rtwpvg-product"},"acf":[],"_links":{"self":[{"href":"https:\/\/app.huazapp.com\/woman\/wp-json\/wp\/v2\/product\/3308","targetHints":{"allow":["GET"]}}],"collection":[{"href":"https:\/\/app.huazapp.com\/woman\/wp-json\/wp\/v2\/product"}],"about":[{"href":"https:\/\/app.huazapp.com\/woman\/wp-json\/wp\/v2\/types\/product"}],"replies":[{"embeddable":true,"href":"https:\/\/app.huazapp.com\/woman\/wp-json\/wp\/v2\/comments?post=3308"}],"wp:featuredmedia":[{"embeddable":true,"href":"https:\/\/app.huazapp.com\/woman\/wp-json\/wp\/v2\/media\/3312"}],"wp:attachment":[{"href":"https:\/\/app.huazapp.com\/woman\/wp-json\/wp\/v2\/media?parent=3308"}],"wp:term":[{"taxonomy":"product_brand","embeddable":true,"href":"https:\/\/app.huazapp.com\/woman\/wp-json\/wp\/v2\/product_brand?post=3308"},{"taxonomy":"product_cat","embeddable":true,"href":"https:\/\/app.huazapp.com\/woman\/wp-json\/wp\/v2\/product_cat?post=3308"},{"taxonomy":"product_tag","embeddable":true,"href":"https:\/\/app.huazapp.com\/woman\/wp-json\/wp\/v2\/product_tag?post=3308"}],"curies":[{"name":"wp","href":"https:\/\/api.w.org\/{rel}","templated":true}]}}